 common divisor of r and q.
10
Suppose -3*l = 3*v - 597, 4*l - 273 = -v - 86. Let f(s) = -14*s + 1. Let h be f(-2). Calculate the highest common factor of v and h.
29
Let g = 9 - 5. Let x = 0 + 2. Let o be (33/g)/(x/32). Calculate the highest common factor of 12 and o.
12
Suppose -o = -5*u + o + 100, 4*o = -5*u + 130. Let a be (-5)/(-3) + (-36)/(-27). Let x be -1*a - (-56)/4. Calculate the greatest common factor of x and u.
11
Let o(h) = h**3 - 4*h**2 - h + 4. Let b be o(5). What is the highest common divisor of 216 and b?
24
Suppose 0 = -2*k + f + 222, 0*f = k + f - 108. Suppose 5*n = 5*l + 20, 4*l - 3 = -3*n + 23. Suppose -4 = -h + n. What is the highest common factor of h and k?
10
Suppose a - 7 = 6. Let q(g) = -9*g + 3. Let h be q(-4). Let j be 1*h - -1 - 1. What is the greatest common factor of a and j?
13
Suppose -4*q + 185 = 9. Let o = 5 + -1. Suppose o*s + 3*p - 29 = 0, 2*s + 3*s + 2*p - 45 = 0. Calculate the greatest common divisor of q and s.
11
Let r be -2 - -4 - (-6 + -56). What is the greatest common divisor of 8 and r?
8
Suppose -12*t - 14 = -14*t. Calculate the greatest common factor of 21 and t.
7
Suppose -3*f = -5*z - 89, -5*f = 6*z - 3*z - 205. What is the highest common divisor of f and 57?
19
Let j be ((-8)/3)/((-2)/27). Suppose b + j = 2*b. Calculate the greatest common factor of 12 and b.
12
Let z = 15 - 11. Suppose z + 2 = b. Calculate the greatest common factor of 6 and b.
6
Let s = 5 - 1. Suppose b + 1 = -d, b - d - s - 1 = 0. Suppose -b*k + 67 = -21. Calculate the highest common factor of 4 and k.
4
Suppose -156 = -4*s + 144. What is the highest common factor of s and 30?
15
Let g = 20 + -11. Let i be (-42*1)/((-2)/3). Calculate the greatest common factor of i and g.
9
Suppose 3*v + 3*k + 0 = 9, -2*v = -2*k - 22. Let b = 56 + -21. What is the greatest common divisor of v and b?
7
Let f be (-21)/(-3 - (0 - 2)). Let d be (28/(-12))/(3/(-18)). What is the greatest common divisor of f and d?
7
Let v be (-74 + -43)*(4/(-3) + 1). What is the highest common factor of 52 and v?
13
Let c be (0 - -448)*21/42. Calculate the greatest common divisor of c and 28.
28
Suppose -3*u = -7*u + 52. Suppose q - 715 = -4*q - 2*m, -2*m = 4*q - 572. What is the greatest common divisor of q and u?
13
Let z be ((-1)/2)/(1/(-140)). Calculate the greatest common divisor of 35 and z.
35
Let i(z) = 2*z**3 + z - 1. Let l be i(1). Suppose l*b + 31 = s, -b - 8 = b. What is the highest common factor of s and 207?
23
Let m be -29 + -6*(-2)/(-4). Let g be (m/8)/(2/(-3)). What is the greatest common divisor of g and 18?
6
Let v(k) = k + 1. Let z be v(4). Suppose 10*g - z*g - 20 = 0. Suppose -3*c + 96 = 3*q, -4*q + 5*q = c + 40. What is the highest common factor of q and g?
4
Let i be -1 - -43 - 6/(-3). Suppose 15 = 3*o + 4*r - 46, -4*o + 4*r = -i. What is the greatest common factor of 165 and o?
15
Let t(r) = 6*r**2. Let k be t(1). What is the greatest common divisor of 6 and k?
6
Suppose -5*c + 0*h + 1306 = h, -2*c + 5*h + 517 = 0. What is the greatest common factor of 29 and c?
29
Suppose 5*m - 167 = -3*b + 46, 2*m + 126 = 2*b. What is the greatest common divisor of b and 11?
11
Let f = 2 + 2. Suppose -10 = 5*j + 5*i, 5*j - 16 = 5*i + f. Suppose v - j - 1 = 0. Calculate the highest common factor of v and 2.
2
Let s be (((-2142)/(-8))/(-7))/((-15)/80). What is the highest common divisor of 12 and s?
12
Let d be (22/3)/(2/3). Suppose -b + 6*b = -240. Let j = b + 70. Calculate the greatest common divisor of d and j.
11
Let y(j) = j**2 - 7*j + 2. Let k be y(8). Let x = k + -6. Suppose 4*f - 45 - 19 = 0. What is the highest common divisor of f and x?
4
Let l = 177 + -86. Suppose -x - x = -70. Let i = x + -22. What is the greatest common divisor of i and l?
13
Let z(i) = -4*i - 4. Let g be z(-4). Suppose 51 = 2*y - 3*y. Let q = 9 - y. Calculate the greatest common factor of g and q.
12
Suppose -6*z + 1 = -47. Let g be (-6 - 2 - 1)*-8. Calculate the greatest common factor of z and g.
8
Let j(k) = -k**2 - 6*k + 10. Let o be j(-7). Let d(q) = -17*q**2 + 2*q - 3. Let b be d(3). Let g = o - b. Calculate the highest common divisor of 17 and g.
17
Suppose -3*f + 122 = 4*v, -5*v + f - 23 + 166 = 0. What is the highest common factor of v and 29?
29
Let q(j) = -j. Let a(l) = 5*l + 5. Let i(r) = -a(r) - q(r). Let c be i(-5). Suppose -3*k + 6*k = 405. Calculate the greatest common divisor of k and c.
15
Suppose -3 + 4 = 5*v - c, -4*v + 5*c - 16 = 0. Calculate the highest common divisor of v and 16.
1
Suppose -5*w = 4*n + 31 - 164, 5*n = w + 130. What is the highest common factor of 27 and n?
27
Let n(k) be the third derivative of k**5/60 - k**4/4 + 3*k**3/2 + k**2. Let h be n(6). What is the greatest common factor of 45 and h?
9
Let s = 14 - 10. What is the highest common divisor of 1 and s?
1
Let b(z) = -7 - 7*z + 19 + 10*z + z**2. Let n be b(-5). Calculate the highest common factor of 154 and n.
22
Let o be 2*3/(6/5). Suppose 0*j - o = -j. What is the greatest common divisor of j and 25?
5
Suppose 0 = 3*j - j - 5*q - 434, -651 = -3*j + 3*q. What is the highest common factor of 7 and j?
7
Let u be (-12)/(-1 + -1) - 1. Let w(s) = -s**2 - 12*s + 15. Let h be w(-12). Let f be (-14)/(9/h - 1). What is the highest common divisor of f and u?
5
Let z(y) = 15*y - 1. Let b be z(3). Calculate the highest common divisor of b and 4.
4
Suppose -r - 2*v = 2*v + 5, 5*r + v - 32 = 0. Let l = -7 - -9. Suppose 2*g - l*w = -3*w + 121, -2*w + 53 = g. Calculate the highest common factor of g and r.
7
Suppose -60 = 4*p - 132. Calculate the greatest common factor of p and 45.
9
Let u = 74 + -47. What is the highest common factor of u and 54?
27
Let d = -62 - -106. Calculate the greatest common divisor of 11 and d.
11
Suppose -y + 3*s = -4, 30 = 2*y + s + 4*s. What is the highest common divisor of 50 and y?
10
Let d(o) = o**3 + 4*o**2 + o - 1. Suppose 2*z + 30 = -4*b + 10, 3*b + 5*z + 29 = 0. Let h be d(b). What is the highest common factor of 5 and h?
5
Let w be (-8 - 1)/((-6)/8). Let i(k) = 2*k**3 + k**2 + 2*k + 12. Let l be i(0). What is the greatest common divisor of w and l?
12
Let j = 0 - -5. Let a be 2*9 - (-10)/j. Suppose 7*n - 2*n = a. Calculate the greatest common factor of n and 6.
2
Suppose 6 = -0*d + d. Suppose -d*i - 27 = -177. What is the highest common factor of i and 25?
25
Suppose -3*c - 39 = -228. What is the greatest common factor of c and 18?
9
Suppose -w - 2*m + 15 = -4*m, 45 = 5*w - 4*m. Let r(v) = 5*v + 1. Let z be r(w). What is the highest common divisor of z and 286?
26
Let i(r) = r + 1. Let k be i(5). Let l(q) = -q + 6. Let s be l(k). Suppose s = w + 1, -5*c - 2*w = -0*w - 63. What is the highest common factor of c and 65?
13
Let f(d) = -6*d - 6. Let j be (1 + -6)*24/30. Let g be f(j). Calculate the highest common divisor of 45 and g.
9
Let s be (-1)/(((-1)/1)/15). Let u = 8 + -5. Suppose u*j + 7 = 37. Calculate the greatest common divisor of s and j.
5
Let j(t) = t**3 - t**2 - t + 1. Let x be j(2). Let o be 2*2 + 14 + -6. What is the highest common factor of x and o?
3
Suppose 11 = 3*g - 16. Suppose 0 = -g*w + 4*w. Suppose -v = -3*t - 3*v + 40, -2*t - 4*v + 32 = w. Calculate the greatest common factor of 48 and t.
12
Suppose -2*n + n + 256 = 0. Suppose 3*i - w + n = 5*i, 2*i + 4*w = 244. Let p be 20/(-25)*i/(-4). Calculate the greatest common divisor of 13 and p.
13
Let d = -34 - -52. What is the greatest common divisor of d and 27?
9
Suppose -16*s - s + 374 = 0. What is the highest common divisor of s and 4?
2
Let n be (-5626)/(-16) + (-1 - 33/(-24)). Calculate the greatest common factor of n and 32.
32
Suppose 0*u - 108 = -3*u. Let t be (138/115)/(2/150). What is the highest common divisor of t and u?
18
Let r(k) = 4*k**3 + 2*k**2 + 2*k + 1. Let s be r(-1). Let y = s - -5. Suppose 0 = 2*m - 32 - 12. Calculate the greatest common divisor of m and y.
2
Let c = -32 + 9. Let j = -10 - c. What is the greatest common divisor of j and 39?
13
Let n be (20/(-2)*1)/(-1). Suppose m = 2*b - 79, -2*m + 36 = b - 6*m. What is the greatest common divisor of b and n?
10
Let u(s) = s**3 + 4*s**2 + 1. Let t be u(-4). Let m be (3 - (-15)/10)*2. Calculate the highest common factor of t and m.
1
Let o be 2/(-4) - (-72)/16. Suppose 0*x + 168 = 2*x - o*f, -x + 84 = -4*f. What is the